 and 255268980.
180
Calculate the highest common divisor of 17182 and 1910326.
1562
Calculate the highest common divisor of 271652 and 1820.
4
What is the greatest common divisor of 1480 and 59896?
8
Calculate the highest common divisor of 319 and 25568691.
29
What is the highest common factor of 2652663 and 21216?
663
Calculate the highest common factor of 7507750 and 22905.
2545
Calculate the highest common divisor of 1847523 and 68949.
141
What is the greatest common factor of 368016 and 53652?
204
What is the highest common factor of 8080380 and 297?
99
What is the greatest common factor of 2877540 and 1880?
20
What is the greatest common divisor of 5680 and 10251056?
16
What is the highest common factor of 42284996 and 312?
52
Calculate the highest common divisor of 144859400 and 112.
56
Calculate the highest common factor of 588414 and 456492.
2094
Calculate the greatest common factor of 27798210 and 104060.
4730
Calculate the greatest common divisor of 651 and 5703783.
93
What is the greatest common factor of 12070 and 117790?
10
What is the greatest common factor of 2860 and 305084?
52
Calculate the highest common factor of 38775077 and 122.
61
Calculate the highest common factor of 18375 and 15978375.
2625
What is the greatest common factor of 167 and 2282766?
1
What is the highest common factor of 565 and 181550433?
113
Calculate the highest common divisor of 2250883674 and 5967.
5967
Calculate the greatest common factor of 83005 and 3965.
65
What is the greatest common factor of 10 and 648956?
2
What is the greatest common factor of 3295 and 699199?
659
Calculate the highest common factor of 25267095 and 15.
15
Calculate the highest common factor of 421 and 104521670.
421
What is the greatest common divisor of 442977 and 7897?
149
What is the greatest common factor of 318360 and 1380?
60
What is the highest common divisor of 43992 and 1432936?
376
Calculate the greatest common factor of 5503298 and 5846.
158
What is the greatest common factor of 234392 and 48472?
664
Calculate the greatest common divisor of 64380 and 302845.
185
Calculate the greatest common factor of 90 and 7900965.
45
What is the greatest common divisor of 24 and 7073768?
8
What is the highest common divisor of 13498368 and 124800?
4992
Calculate the highest common divisor of 991682 and 1744.
218
What is the highest common factor of 112840 and 6651515?
2015
What is the highest common divisor of 1653 and 1051917?
87
What is the highest common divisor of 741429 and 156780?
117
What is the highest common factor of 706398 and 28182?
462
What is the greatest common divisor of 136829 and 1089?
11
Calculate the highest common factor of 363745079 and 113.
113
What is the greatest common divisor of 585439 and 205?
41
What is the highest common factor of 739684 and 244?
4
What is the greatest common factor of 166056 and 1919079?
1887
What is the greatest common factor of 24084 and 1471716?
108
Calculate the highest common factor of 54 and 98940987.
27
Calculate the greatest common divisor of 34839 and 126567.
441
Calculate the greatest common factor of 241032 and 1513754.
1826
What is the highest common divisor of 3268 and 19060610?
1634
Calculate the highest common divisor of 50 and 243973790.
10
What is the greatest common factor of 68172 and 43601675?
5681
What is the greatest common factor of 756 and 3440664?
108
What is the highest common factor of 148678154 and 822?
274
Calculate the greatest common factor of 1423 and 3518812899.
1423
Calculate the greatest common factor of 6174 and 3539046.
42
What is the greatest common divisor of 391716 and 9464?
52
What is the highest common factor of 53323579 and 1198?
599
What is the highest common factor of 2785529 and 60583?
1289
Calculate the highest common divisor of 88 and 31732063.
11
Calculate the greatest common divisor of 276630 and 206700.
30
What is the highest common factor of 168990 and 46374?
786
What is the highest common divisor of 620798 and 64546?
118
Calculate the greatest common divisor of 98292702 and 354.
354
Calculate the highest common factor of 6897 and 9605222.
2299
Calculate the highest common factor of 79595 and 1125.
5
Calculate the greatest common divisor of 5896744 and 649600.
1624
Calculate the highest common factor of 180735 and 235035.
15
What is the highest common divisor of 100380 and 93660?
420
Calculate the highest common divisor of 136081632 and 96.
96
Calculate the greatest common factor of 77 and 19810021.
77
Calculate the highest common divisor of 50618259 and 63.
9
What is the highest common divisor of 2046593 and 45615?
3041
Calculate the greatest common divisor of 110 and 951550.
10
Calculate the highest common divisor of 21672261 and 4797.
117
Calculate the highest common factor of 203977 and 8.
1
Calculate the highest common divisor of 6807 and 19306921.
2269
What is the greatest common divisor of 567923 and 23533?
101
What is the greatest common divisor of 90 and 33399330?
30
What is the highest common factor of 8466 and 221776?
166
Calculate the highest common factor of 578971800 and 11.
11
What is the highest common divisor of 93867 and 1060557?
1401
Calculate the greatest common factor of 704 and 50017.
11
Calculate the highest common factor of 46182318 and 738.
246
Calculate the greatest common divisor of 677615 and 3835.
295
What is the highest common divisor of 182 and 84037252?
26
Calculate the greatest common divisor of 1285454 and 518.
74
What is the greatest common factor of 5052739 and 149?
149
What is the highest common divisor of 5038 and 62942?
22
Calculate the highest common divisor of 2144 and 5902968.
536
What is the highest common divisor of 67206 and 4109793?
1461
What is the greatest common factor of 1344 and 132021120?
1344
Calculate the greatest common factor of 654806 and 22304.
34
What is the greatest common factor of 60032810 and 20?
10
Calculate the highest common factor of 178842 and 213011.
727
What is the greatest common factor of 49 and 338807?
7
Calculate the greatest common divisor of 9070 and 64262764.
1814
Calculate the highest common divisor of 2364 and 2311032.
12
Calculate the highest common divisor of 135 and 820581165.
135
What is the highest common factor of 72150189 and 7167?
7167
Calculate the greatest common factor of 53397577 and 1788.
149
What is the greatest common divisor of 28882524 and 8967?
183
Calculate the highest common divisor of 283150704 and 80.
16
Calculate the highest common factor of 121560 and 43080.
120
What is the greatest common factor of 51077 and 18992786?
3929
What is the highest common factor of 301 and 50666?
7
Calculate the greatest common factor of 71920 and 4186240.
2480
Calculate the highest common factor of 160 and 25712450.
10
What is the highest common factor of 1625 and 8875?
125
Calculate the greatest common factor of 51 and 72665259.
51
What is the highest common factor of 2288020 and 134068?
1108
Calculate the highest common factor of 1582532 and 84.
28
Calculate the greatest common divisor of 16922208 and 1768.
136
What is the highest common factor of 186 and 80446426?
62
Calculate the highest common factor of 27968836 and 7.
7
Calculate the greatest common factor of 32 and 417093696.
32
Calculate the greatest common divisor of 19 and 221824639.
19
What is the highest common divisor of 139230 and 657930?
2730
What is the greatest common factor of 3788226 and 234?
234
Calculate the highest common factor of 20 and 6623390.
10
Calculate the highest common divisor of 319743 and 45.
9
What is the highest common factor of 7282890 and 237690?
1710
What is the highest common divisor of 25 and 20262305?
5
Calculate the greatest common factor of 330874809 and 129.
129
What is the greatest common divisor of 29216 and 95559145?
913
What is the highest common divisor of 20507864 and 104?
104
Calculate the highest common factor of 12152063 and 4881.
1627
Calculate the highest common divisor of 96750756 and 72.
36
What is the highest common divisor of 81 and 13494357?
81
Calculate the greatest common divisor of 68 and 359396813.
17
What is the highest common divisor of 1268 and 16672298?
634
Calculate the highest common factor of 1153526 and 902.
22
What is the highest common divisor of 910 and 8745695?
35
Calcul